 + 2*p + 2. Let a be f(-5). Suppose -c + 3*c - 130 = 0. Let z = c - a. Is z prime?
True
Let s(y) = -13*y**3 - 7*y**2 + 7*y - 3. Let n(u) = 7*u**3 + 4*u**2 - 4*u + 1. Let l(d) = 11*n(d) + 6*s(d). Is l(-6) a composite number?
False
Let l(q) = -q**3 - 7*q**2 - 5*q + 7. Let p(w) = -w - 3. Let b be p(3). Let k be l(b). Is k/((-1)/(-10) - 0) prime?
False
Let u be -4*1/(-8)*12. Is 381/(-15)*(-11 + u) prime?
True
Let v(o) = 4*o**3 - 2*o**2 - 3*o - 1. Is v(8) prime?
False
Let r(q) = -2*q**2 - q + 2*q + 53*q**2 + 179*q**2. Let h be r(1). Suppose -x - 2*x + h = 0. Is x a prime number?
False
Let u be (-80)/14 - (-4)/(-14). Let x(t) = t**2 + 7*t + 8. Is x(u) prime?
True
Let g(l) = -6 + 7 + l**3 + l - 16*l - 4*l**2. Is g(12) prime?
False
Let p(u) = -139*u**2. Let r be p(1). Let x = r - -8. Let o = -94 - x. Is o composite?
False
Let l = 2388 - 587. Is l a prime number?
True
Suppose l + 0 = 3. Suppose -5*o = -l*o - 14. Is o a prime number?
True
Let w(j) = j**2 - 4*j - 3. Suppose -5 = -2*u + 5. Let d be w(u). Suppose -3*q - 3*h = -96, -2*q + d*h + 76 = -0*h. Is q a prime number?
False
Suppose -z + 1087 = 4*z - p, -866 = -4*z - p. Let n = -128 + z. Is n composite?
False
Is 2*-11*232/(-16) a composite number?
True
Let v = 153 + 4. Is v a composite number?
False
Let b(t) = -14*t + 10. Let p be b(-8). Suppose p + 132 = x. Is x prime?
False
Suppose -4*m = 8, -2*l + 5*m + 332 = -1068. Suppose -l = -5*k + 390. Is k a composite number?
True
Suppose -2*i = 5*x + 391, -4*i - 4*x - 777 = x. Let t = i + 284. Let m = 218 - t. Is m composite?
False
Let d(o) = o**2 + o. Let s be d(-2). Let z(l) = 1 + 5*l**s - 6*l + 4*l + 2*l**2 + 3*l**2. Is z(1) a composite number?
True
Suppose -10*s - 4700 = -20370. Is s composite?
False
Let n = -7 - -14. Suppose -22 + n = -h + d, -39 = -3*h - 3*d. Suppose 3*k - k = h. Is k prime?
True
Let h = 4 + -5. Is h/(-1)*-53*-1 composite?
False
Let g(v) = v + 5. Let s be g(-7). Is (s - -2) + -3 + 54 a composite number?
True
Let f be (-6)/4*(-3 - 1). Let a = 13 + 18. Suppose -5*i + a = f, 0 = 3*q - i - 70. Is q a composite number?
True
Suppose v + 0*v = 3. Let u = v + 1. Is u a composite number?
True
Let c(q) = q**3 - 2*q**2 - 3*q - 7. Is c(5) composite?
False
Suppose -4*h + 7 = -5. Suppose -4*n = 3*z - 12, -5*z + 4*z = n - h. Is n composite?
False
Let l be 8/20 - 24/(-15). Let x be 18/3 - (-4)/(-2). Suppose -x*j - 5*v = -0*j - 230, -5*v + 120 = l*j. Is j prime?
False
Let o = -61 + 98. Is o a composite number?
False
Suppose 30 - 132 = -2*u. Suppose -7*m + 3*m + u = 3*z, 0 = -5*z - 2*m + 99. Is z composite?
True
Let d = 15 + -11. Suppose -r - 1 = -4*b, -d*b - 27 = -5*r - 0*b. Is r/(-14) - (-62)/4 a prime number?
False
Let r be (-6)/14 + (-934)/(-7). Suppose 3*u = 4*o + 234, u + 3*u - 2*o = 322. Let m = r - u. Is m composite?
True
Suppose 3*g = -5*m + 634 + 339, -2*g = -5*m + 968. Is m a composite number?
True
Let b(g) = 2*g**3 - 4*g**2 - 2*g - 3. Let s(l) = -l - 6. Let x be s(0). Let a be 44/12 + (-2)/x. Is b(a) prime?
True
Let z(c) = -13*c**3 - 3*c**2 + 5*c + 10. Is z(-3) a composite number?
True
Suppose -k = 3*k + 1056. Let t be 4/(-6)*k/4. Is t/6*(-30)/(-4) composite?
True
Let i be (-15 - -3)*2/(-4). Let s(n) be the third derivative of n**4/12 - 3*n**3/2 + n**2. Is s(i) a prime number?
True
Let t(u) = 3*u**2 - 4*u - 1. Is t(3) a prime number?
False
Suppose -5*p - 378 = -2*p. Let g = -20 - p. Is g a composite number?
True
Let i be (-657)/(-2) + 5/10. Suppose r = -o + 2*o + i, 5*r - o - 1661 = 0. Suppose 3*c - 3*k = r, 5*c + 4*k + 53 = 644. Is c prime?
False
Let x be ((-14)/8)/(1/(-48)). Let d = -31 + x. Is d prime?
True
Let b(q) = -q**2 - 3*q. Let h be b(-3). Suppose 2*x - 597 = -3*a - x, x + 4 = h. Is a a composite number?
True
Suppose l - 1448 = -5*f + 108, -3*f + 2*l = -944. Suppose -36 + f = 4*n. Is n a prime number?
False
Suppose 2*w = w + 1201. Is w a composite number?
False
Let m(p) = -29*p + 8. Let l be m(-9). Suppose -3*h + h + 2*s = -98, 0 = -5*h - s + l. Is h a composite number?
False
Let k = -129 + 224. Is k a composite number?
True
Suppose -2*h + 216 + 190 = 0. Is h a composite number?
True
Let p(j) = j**2 - j + 127. Suppose -4*x + 3*x - 9 = -3*i, -9 = -x - 3*i. Is p(x) a composite number?
False
Suppose 0 = -x - x + 4*q + 82, 2*x = -4*q + 106. Suppose 0*f - 3*f = 4*k - 86, 2*f = 2*k + 48. Let t = x - f. Is t a prime number?
False
Let t(y) = -4*y**2 - 17*y + 23. Let f = 15 - 28. Let w(i) = -2*i**2 - 8*i + 11. Let o(z) = f*w(z) + 6*t(z). Is o(-7) composite?
False
Is 3 + 4*(-93)/(-3) a composite number?
False
Let v(l) = -4*l**3 + 3*l - 2. Let n be (-3)/((-3)/2) + -5. Is v(n) a prime number?
True
Suppose -5*q + 5*b + 59 = -661, 3*q - 428 = -b. Is q prime?
False
Let t = 3 - 5. Is (-417)/(-12) - t/8 prime?
False
Suppose -3*q + g + 225 = -2743, -q = -5*g - 966. Is q prime?
True
Suppose 4*b + 2*g = -g + 3, -b = -4*g + 4. Suppose b = 5*w - w. Suppose -d + 4 = -w. Is d prime?
False
Let f(j) = 8*j**2 - 7*j - 5. Let t be f(-7). Suppose 3*o + 3*s = 158 + 106, 5*o = -s + t. Is o composite?
True
Is (-2)/(-10) + (-2 - (-2104)/5) composite?
False
Suppose -2*j = -6*j - 2*p + 2, -3*p = 4*j - 3. Let m = 1 - j. Suppose 0 = 3*v - m - 8. Is v prime?
True
Let b be 1179/(-4) + 1/(-4). Let t = -210 - b. Is t a prime number?
False
Let o = 10 + -6. Suppose 2*r - 8 = -3*z + 22, 2*z = -o*r + 76. Is r a composite number?
True
Is ((-13)/39)/(1/(-2634)) composite?
True
Suppose 7*d + 16 = -19. Let w(p) be the third derivative of p**5/30 + p**4/4 + p**3/2 + p**2. Is w(d) a prime number?
True
Let c be (-66)/(-14) + (-4)/(-14). Suppose j + 1 = 0, w - 4*j + c*j - 148 = 0. Is w composite?
False
Let u be 5 - (4 + (-6)/2). Suppose k = 4*r + 51, -u*r = 2*k - 3*r - 138. Is k composite?
False
Suppose 0*j + 2 = j - b, -5*b = 3*j - 6. Suppose j*h - 217 = r + 1083, 4*r + 1940 = 3*h. Suppose -2*y = 2*y - h. Is y prime?
True
Let z(c) = c + 10. Let n be z(-11). Let w be 3*(n - (-3 + 1)). Suppose 269 + 40 = w*b. Is b a prime number?
True
Suppose 3*a + 0 + 6 = 0. Let r(x) be the third derivative of -x**6/10 - x**5/30 - x**4/8 - x**3/2 - 6*x**2. Is r(a) composite?
True
Suppose 2*l = 5*l + 4*i - 19, i + 38 = 4*l. Suppose -2 = -3*x - z, 0*z = 4*x - 5*z - l. Is 7 + 0/(2 - x) a prime number?
True
Let n(x) = -x**2 + 5*x + 2. Let w be n(5). Suppose 10 = 3*c + w*c. Is -1 - (-1 - 4 - c) composite?
True
Let h be 52/6 + (-2)/(-6). Let z(p) be the third derivative of 7*p**4/24 + p**3 + 10*p**2. Is z(h) a prime number?
False
Is (27/18)/(3/166) a composite number?
False
Let v(z) = -40*z**3 + 2*z**2 + 3. Is v(-2) composite?
False
Suppose k = -3*k + 820. Is k prime?
False
Let u(g) = -2*g - 3. Let i be u(-3). Suppose 0*p - 54 = -i*p. Suppose -2*d - 2*k = -68, 4*k = -2*d - p + 92. Is d a composite number?
False
Suppose -r = 3*r + 1376. Let d = -5 - r. Is d a composite number?
True
Let m(s) = 19*s - 15. Suppose p + p - 4*f = 14, 5*f = -p + 21. Is m(p) prime?
False
Suppose 3017 = 5*i - x + 371, x = 2*i - 1059. Is i composite?
True
Let v(u) = -u**3 - 4*u**2 + 2. Let b be v(-4). Suppose -3*j + b*j = -59. Is j a composite number?
False
Let c be -13*(-5 + 6/2). Let l = -18 + c. Suppose j = 81 + l. Is j prime?
True
Let u(m) = 1 + 0 - 9*m - 42*m. Is u(-4) composite?
True
Let x be 0*(-1 + 2/4). Suppose -4*n + n + 15 = x. Suppose d - 12 = -u, 0 = -4*u + n*d - 2*d + 69. Is u a prime number?
False
Is (20 + 6)/(4/58) a composite number?
True
Let f = 375 - -502. Is f prime?
True
Let h be 4/1 + 0/5. Let q be 33/6 + (-1)/2. Suppose 149 = q*l + 3*i, l = -3*l + h*i + 132. Is l a composite number?
False
Let s = -5 - -9. Suppose 2*f - 104 = -v + 3*v, 0 = -f - s*v + 37. Is f a composite number?
True
Suppose 2*v + 7 - 1 = -5*z, -12 = z - 5*v. Let n be -2 - z - (-2)/1. Is (-57)/n*6/(-9) a prime number?
True
Suppose 7*o + 2*z - 21 = 2*o, -o - z + 3 = 0. Suppose o*i = -4*r + 62, 0 = -0*i - 2*i + 2*r + 32. Is i composite?
True
Suppose -5*r + 4*z = -2265, -2260 = -5*r + z + 2*z. Is r prime?
True
Let v be 3 + -1 + -2 - -3. Is (-3774)/(-9) - v/9 prime?
True
Let y(v) = 51*v - 2. Is y(5) a prime number?
False
Suppose 3*l = -2 + 11. Suppose 21 - 70 = -n - l*o, 2*o = 5*n - 211. Is n composite?
False
Let i(j) = -j**2 - 4. Let v be i(-4). Suppose 2*x - 17 + 1 = 0. Is v/(-5)*230/x prime?
False
Let o(f) = 68*f. Let q(d) = -407*d. Let w(l